{"id":2,"date":"2011-03-01T13:05:58","date_gmt":"2011-03-01T13:05:58","guid":{"rendered":"http:\/\/www.godollo-zarszerviz.hu\/?page_id=2"},"modified":"2021-04-30T07:22:33","modified_gmt":"2021-04-30T06:22:33","slug":"nevjegy","status":"publish","type":"page","link":"https:\/\/www.godollo-zarszerviz.hu\/?page_id=2","title":{"rendered":"Szolg\u00e1ltat\u00e1saink"},"content":{"rendered":"<p>Szakembereink minden piacra  bevezetett \u00faj  term\u00e9ket j\u00f3l ismernek, \u00e9s  annak \u00e9rdek\u00e9ben, hogy a c\u00e9g  szolg\u00e1ltat\u00e1sainak  magas sz\u00ednvonal\u00e1t  megtarts\u00e1k, rendszeresen r\u00e9szt  vesznek a megfelel\u0151  tov\u00e1bbk\u00e9pz\u00e9seken.<\/p>\n<p><img decoding=\"async\" loading=\"lazy\" class=\"alignleft size-full wp-image-12\" title=\"zar2\" src=\"http:\/\/www.godollo-zarszerviz.hu\/wp-content\/uploads\/2011\/03\/zar2.jpg\" alt=\"\" width=\"355\" height=\"200\" srcset=\"https:\/\/www.godollo-zarszerviz.hu\/wp-content\/uploads\/2011\/03\/zar2.jpg 355w, https:\/\/www.godollo-zarszerviz.hu\/wp-content\/uploads\/2011\/03\/zar2-300x169.jpg 300w\" sizes=\"(max-width: 355px) 100vw, 355px\" \/>V\u00e1llalatunk f\u0151 c\u00e9lja a v\u00e1s\u00e1rl\u00f3k el\u00e9gedetts\u00e9ge, az, hogy k\u00e9r\u00e9seik,   megfizethet\u0151 \u00e1ron gyorsan teljes\u00fcljenek.   Mivel tudjuk, milyen fontos   szerepe van mostan\u00e1ban a biztons\u00e1gnak, gondoskodunk minden biztons\u00e1ggal   kapcsolatos k\u00edv\u00e1ns\u00e1g\u00e1r\u00f3l.<\/p>\n<h2>F\u0151bb szolg\u00e1ltat\u00e1saink:<\/h2>\n<ul>\n<li>Express gyorsas\u00e1g\u00fa z\u00e1rszerviz: lak\u00e1sb\u00f3l\/aut\u00f3b\u00f3l kiz\u00e1r\u00e1s, stb.<\/li>\n<li>Lakoss\u00e1gi z\u00e1rszerviz: B\u00e1rmilyen t\u00edpus\u00fa z\u00e1r \u00e9s biztons\u00e1gi rendszer nyit\u00e1sa,  beszerel\u00e9se \u00e9s \u00e1thelyez\u00e9se.<\/li>\n<li>G\u00e9pj\u00e1rm\u0171 z\u00e1rszerviz: nyit\u00e1s, z\u00e1rbet\u00e9t \u00fajrak\u00f3dol\u00e1sa, gy\u00fajt\u00e1s, kulcsok \u00fajrak\u00e9sz\u00edt\u00e9se.<\/li>\n<li>Z\u00e1rtl\u00e1nc\u00fa TV: Olyan fontos ter\u00fcleteken helyezkednek el, ahova sok embernek szabad bej\u00e1r\u00e1sa van.<\/li>\n<li>Kulcsn\u00e9lk\u00fcli bel\u00e9ptet\u0151 rendszer: Lehet\u0151v\u00e9 teszi a bel\u00e9p\u00e9sek dokument\u00e1l\u00e1s\u00e1t \u00e9s megfigyel\u00e9s\u00e9t.<\/li>\n<\/ul>\n","protected":false},"excerpt":{"rendered":"<p>Szakembereink minden piacra bevezetett \u00faj term\u00e9ket j\u00f3l ismernek, \u00e9s annak \u00e9rdek\u00e9ben, hogy a c\u00e9g szolg\u00e1ltat\u00e1sainak magas sz\u00ednvonal\u00e1t megtarts\u00e1k, rendszeresen r\u00e9szt vesznek a megfelel\u0151 tov\u00e1bbk\u00e9pz\u00e9seken. V\u00e1llalatunk f\u0151 c\u00e9lja a v\u00e1s\u00e1rl\u00f3k el\u00e9gedetts\u00e9ge, az, hogy k\u00e9r\u00e9seik, megfizethet\u0151 \u00e1ron &#8230; <a title=\"Szolg\u00e1ltat\u00e1saink\" class=\"read-more\" href=\"https:\/\/www.godollo-zarszerviz.hu\/?page_id=2\" aria-label=\"Tov\u00e1bb Szolg\u00e1ltat\u00e1saink\">Read more<\/a><\/p>\n","protected":false},"author":1,"featured_media":39,"parent":0,"menu_order":0,"comment_status":"closed","ping_status":"open","template":"","meta":[],"_links":{"self":[{"href":"https:\/\/www.godollo-zarszerviz.hu\/index.php?rest_route=\/wp\/v2\/pages\/2"}],"collection":[{"href":"https:\/\/www.godollo-zarszerviz.hu\/index.php?rest_route=\/wp\/v2\/pages"}],"about":[{"href":"https:\/\/www.godollo-zarszerviz.hu\/index.php?rest_route=\/wp\/v2\/types\/page"}],"author":[{"embeddable":true,"href":"https:\/\/www.godollo-zarszerviz.hu\/index.php?rest_route=\/wp\/v2\/users\/1"}],"replies":[{"embeddable":true,"href":"https:\/\/www.godollo-zarszerviz.hu\/index.php?rest_route=%2Fwp%2Fv2%2Fcomments&post=2"}],"version-history":[{"count":3,"href":"https:\/\/www.godollo-zarszerviz.hu\/index.php?rest_route=\/wp\/v2\/pages\/2\/revisions"}],"predecessor-version":[{"id":41,"href":"https:\/\/www.godollo-zarszerviz.hu\/index.php?rest_route=\/wp\/v2\/pages\/2\/revisions\/41"}],"wp:featuredmedia":[{"embeddable":true,"href":"https:\/\/www.godollo-zarszerviz.hu\/index.php?rest_route=\/wp\/v2\/media\/39"}],"wp:attachment":[{"href":"https:\/\/www.godollo-zarszerviz.hu\/index.php?rest_route=%2Fwp%2Fv2%2Fmedia&parent=2"}],"curies":[{"name":"wp","href":"https:\/\/api.w.org\/{rel}","templated":true}]}}